1, 503, 74419
What are the prime factors of 317040799?
317040799
What are the prime factors of 11921087?
11921087
What are the prime factors of 3754168255?
5, 1987, 377873
List the prime factors of 2362022592.
2, 3, 53, 232117
What are the prime factors of 21529432?
2, 19, 139, 1019
What are the prime factors of 1784738109?
3, 7, 11, 7726139
List the prime factors of 1489648056.
2, 3, 13, 4774513
List the prime factors of 890911873.
890911873
What are the prime factors of 655576571?
13, 50428967
What are the prime factors of 42526896?
2, 3, 885977
What are the prime factors of 7176119239?
61, 117641299
What are the prime factors of 342523740?
2, 3, 5, 13, 439133
What are the prime factors of 28374735?
3, 5, 73, 25913
What are the prime factors of 157965950?
2, 5, 37, 103, 829
List the prime factors of 129914049.
3, 43304683
List the prime factors of 40254783.
3, 197, 68113
What are the prime factors of 417623350?
2, 5, 8352467
List the prime factors of 973302758.
2, 486651379
What are the prime factors of 3604326246?
2, 3, 6521, 30707
What are the prime factors of 254356670?
2, 5, 59, 7307
List the prime factors of 155840709.
3, 23, 2258561
List the prime factors of 282447401.
17, 41, 311, 1303
What are the prime factors of 18272728?
2, 563, 4057
What are the prime factors of 92130878?
2, 7, 71, 13241
List the prime factors of 365425729.
877, 416677
What are the prime factors of 21171566?
2, 13, 29, 43, 653
What are the prime factors of 162287028?
2, 3, 1069, 4217
List the prime factors of 140333551.
140333551
What are the prime factors of 966067494?
2, 3, 7, 4793, 4799
List the prime factors of 79736226.
2, 3, 41, 324131
What are the prime factors of 132822229?
1933, 68713
What are the prime factors of 2713716?
2, 3, 25127
List the prime factors of 1931521572.
2, 3, 17, 1052027
List the prime factors of 44071056.
2, 3, 306049
What are the prime factors of 347566289?
7, 1597, 31091
What are the prime factors of 27211053?
3, 9070351
What are the prime factors of 2163023015?
5, 53, 8162351
List the prime factors of 1976173437.
3, 7, 73, 487, 2647
List the prime factors of 666210718.
2, 19, 131, 133831
What are the prime factors of 5473771?
43, 127297
What are the prime factors of 227622453?
3, 2341, 32411
List the prime factors of 31207357.
31207357
List the prime factors of 561054794.
2, 643, 436279
What are the prime factors of 6108022089?
3, 13, 17, 3070901
List the prime factors of 1130258554.
2, 565129277
List the prime factors of 642988.
2, 23, 29, 241
List the prime factors of 579876199.
7, 29, 43, 66431
What are the prime factors of 6874692?
2, 3, 11, 52081
List the prime factors of 21872841.
3, 7290947
What are the prime factors of 605997495?
3, 5, 19, 43, 53, 311
List the prime factors of 2393464.
2, 17, 17599
List the prime factors of 8381550.
2, 3, 5, 71, 787
What are the prime factors of 79281473?
79281473
What are the prime factors of 78503562?
2, 3, 1907, 2287
What are the prime factors of 4024999874?
2, 7, 287499991
List the prime factors of 3377952831.
3, 11, 163, 491, 1279
What are the prime factors of 521727654?
2, 3, 7, 17, 53, 811
What are the prime factors of 366583533?
3, 122194511
List the prime factors of 1457803598.
2, 728901799
List the prime factors of 249876099.
3, 11, 41, 61561
What are the prime factors of 451233172?
2, 13, 281, 30881
List the prime factors of 5328126384.
2, 3, 7, 29, 313, 1747
What are the prime factors of 62985417?
3, 11, 157, 12157
What are the prime factors of 272063490?
2, 3, 5, 541, 16763
List the prime factors of 281238418.
2, 19, 1877, 3943
What are the prime factors of 93220586?
2, 71, 656483
List the prime factors of 98720155.
5, 19744031
List the prime factors of 53378487.
3, 17, 116293
List the prime factors of 23851665.
3, 5, 67, 293
List the prime factors of 259114985.
5, 51822997
List the prime factors of 242010872.
2, 30251359
List the prime factors of 396270720.
2, 3, 5, 89, 773
What are the prime factors of 195271920?
2, 3, 5, 271211
List the prime factors of 217183094.
2, 108591547
What are the prime factors of 761798936?
2, 47, 2026061
List the prime factors of 2260106289.
3, 7, 1193, 30071
What are the prime factors of 165569772?
2, 3, 13797481
List the prime factors of 5941400148.
2, 3, 709, 232777
What are the prime factors of 158664846?
2, 3, 191, 138451
What are the prime factors of 3410385666?
2, 3, 1429, 397759
What are the prime factors of 20331641?
11, 1848331
List the prime factors of 2779579.
11, 71, 3559
List the prime factors of 43001235.
3, 5, 401, 2383
List the prime factors of 4172491822.
2, 2086245911
List the prime factors of 9064057844.
2, 19, 119263919
List the prime factors of 16341097.
17, 961241
What are the prime factors of 181000356?
2, 3, 15083363
List the prime factors of 5572984442.
2, 4733, 588737
What are the prime factors of 3495954956?
2, 13, 5171531
What are the prime factors of 30722493?
3, 443, 23117
List the prime factors of 25905227.
19, 1363433
What are the prime factors of 69246705?
3, 5, 11, 73, 5749
What are the prime factors of 101580525?
3, 5, 17, 26557
What are the prime factors of 42108417?
3, 13, 39989
What are the prime factors of 613787807?
101, 491, 12377
What are the prime factors of 82843296?
2, 3, 37, 83, 281
List the prime factors of 718546534.
2, 359273267
List the prime factors of 280385205.
3, 5, 83, 113, 1993
What are the prime factors of 203189528?
2, 739, 34369
What are the prime factors of 7802963?
7, 1114709
What are the prime factors of 1609789031?
11959, 134609
List the prime factors of 58460776.
2, 11, 113, 5879
What are the prime factors of 2979410057?
13, 229185389
List the prime factors of 2360933941.
173, 599, 22783
What are the prime factors of 958882363?
61, 15719383
What are the prime factors of 739620868?
2, 7, 571, 46261
List the prime factors of 120170633.
11, 277, 39439
What are the prime factors of 1382948585?
5, 43, 337, 19087
What are the prime factors of 62231636?
2, 15557909
What are the prime factors of 27739483?
27739483
List the prime factors of 963768635.
5, 19, 10144933
List the prime factors of 212603103.
3, 19, 414431
List the prime factors of 6561254146.
2, 3280627073
List the prime factors of 155287038.
2, 3, 19, 71693
What are the prime factors of 6885957492?
2, 3, 1663, 115019
List the prime factors of 2577335724.
2, 3, 71592659
What are the prime factors of 435646694?
2, 7, 31117621
What are the prime factors of 2600401953?
3, 643, 769, 1753
List the prime factors of 65564231.
19, 3450749
What are the prime factors of 788132849?
7, 112590407
What are the prime factors of 210049312?
2, 11, 409, 1459
List the prime factors of 136324910.
2, 5, 23, 47, 12611
What are the prime factors of 2466425670?
2, 3, 5, 509, 161521
What are the prime factors of 79532402?
2, 751, 52951
List the prime factors of 58806265.
5, 7, 1680179
List the prime factors of 502964879.
3389, 148411
What are the prime factors of 2687667683?
17, 53, 103, 28961
What are the prime factors of 14204617?
7, 149, 13619
What are the prime factors of 71112829?
71112829
List the prime factors of 996650636.
2, 17, 14656627
What are the prime factors of 1095582676?
2, 1097, 249677
What are the prime factors of 277691142?
2, 3, 37, 139, 8999
What are the prime factors of 4422420045?
3, 5, 32758667
What are the prime factors of 1741005989?
17, 5501, 18617
What are the prime factors of 203955189?
3, 2267, 29989
What are the prime factors of 1403902?
2, 701951
List the prime factors of 662999911.
7, 61, 1552693
List the prime factors of 400181507.
11, 2803, 12979
What are the prime factors of 45064465?
5, 9012893
List the prime factors of 17702164.
2, 4425541
What are the prime factors of 1006081095?
3, 5, 491, 136603
What are the prime factors of 71840494?
2, 11, 3265477
What are the prime factors of 43385909?
7, 239, 25933
What are the prime factors of 3970630996?
2, 137, 7245677
What are the prime factors of 363837778?
2, 59, 3083371
What are the prime factors of 4165256?
2, 19, 67, 409
List the prime factors of 72323209.
7, 10331887
What are the prime factors of 48449398?
2, 211, 114809
What are the prime factors of 116666213?
19, 2311, 2657
List the prime factors of 4223185654.
2, 2111592827
What are the prime factors of 28909